Give z(p).
2
Suppose -4*g + g = 78. Let t = g + 20. Let p(s) be the second derivative of s**4/12 + 7*s**3/6 - 2*s. Calculate p(t).
-6
Let k(r) = 9 + 0*r + 6*r + r**2 - 7*r + 12*r + 9. Determine k(-10).
8
Let h(x) = 2*x - 2 + 3 + 8*x. Let q be (-9)/(-2) - 2/(-4). Suppose -3*i + 8 = 2*s, -2*s - 12 = -4*s - q*i. What is h(s)?
11
Suppose 40 = -0*w + 10*w. Let m(c) = 2*c - 4. Give m(w).
4
Suppose 9 + 7 = -4*v. Let g(t) = -2. Let r(p) = -3*p + 6. Let y(s) = 3*g(s) + r(s). Calculate y(v).
12
Let i(z) = -z. Let f(x) = 6*x + 4. Let h(v) = -f(v) - 8*i(v). Let t(s) = -s**3 + 4*s**2 + 4. Let u be t(4). Give h(u).
4
Suppose 0 = 10*y - 748 + 648. Let q(v) = v**3 - 8*v**2 - 20*v + 12. What is q(y)?
12
Let l(g) = g. Let f(t) = 1. Let i(d) = -4*d - 2. Let w(u) = 2*f(u) - i(u). Let n(h) = -l(h) + w(h). What is n(-4)?
-8
Let z(c) = c**3 + 2*c**2 - 10*c + 8. Let l be z(2). Let x(o) be the first derivative of -11 - 2*o**2 - 1/4*o**l + 5/3*o**3 + 5*o. What is x(4)?
5
Let y(d) = 2*d - 13. Let g be (6 + -18 - -12)/((-4)/(-2)). Determine y(g).
-13
Let o(y) = -50*y**2 - 13*y - 13. Let z(v) = -23*v**2 - 7*v - 6. Let p(c) = 6*o(c) - 13*z(c). Give p(14).
-14
Let m(o) = -13*o**2 - 10*o + 19. Let f(k) = 7*k**2 + 5*k - 10. Let z(b) = -11*f(b) - 6*m(b). Let u be (-6)/8*4/1. Give z(u).
-10
Let u = 489 - 495. Let c(a) = -2*a + 7. What is c(u)?
19
Let x(t) = -t + 11. Let y(m) = -3. Let v(c) = x(c) + 3*y(c). Calculate v(6).
-4
Let s(w) = w - 10. Let i(x) = 3*x - 21. Let m = -28 + 32. Let j(g) = m*i(g) - 9*s(g). Determine j(-4).
-6
Let g(f) = -2*f - f**2 + 0*f + 2*f**2 + 2 - 3*f. Suppose 12*w - 21 = 15. Calculate g(w).
-4
Suppose 19*t = -r + 14*t - 15, 0 = -4*r + 5*t + 15. Let u(a) = -a**3 - a - 1. Give u(r).
-1
Let w be (-1)/(6 + -1 + -4). Let o(p) = 4*p**2 - 2*p + 1. Calculate o(w).
7
Let j(p) = p**2 - 34*p + 64. Let q be j(2). Let z(a) be the third derivative of 3/8*a**4 - 7/60*a**5 - 3/2*a**3 + 0*a + q + 7*a**2 + 1/120*a**6. Give z(6).
9
Let b(d) = -14*d + 2. Let k(n) = 7*n - 1. Suppose 25*l + 4 = 26*l. Let u(j) = l*b(j) + 9*k(j). Determine u(1).
6
Let k(t) be the first derivative of -t**4/4 - 2*t**3 - 3*t**2/2 - 4*t - 42. Let y be 3 + -1 + 1*16. Suppose -3*z - y = -3. What is k(z)?
-14
Let k(c) be the first derivative of -c**3 + 3*c**2/2 - 2*c + 281. Determine k(1).
-2
Let y(k) = -k - 4. Let j be y(-5). Let z(x) = -3*x**3 + x - 1486*x**2 + 1486*x**2 + 6*x**3. Give z(j).
4
Let r(z) = -4*z - 3*z**2 - 6 + 2*z + 4. Let m(k) = -k**3 - 7*k**2 - 8*k - 6. Let g be m(-6). Let x = 4 - g. Calculate r(x).
-10
Let u(x) = -2*x**3 - 2*x**2 + 2*x + 2. Let m be (-1275)/12 + 2 + 11/(-4). Let g = m + 105. What is u(g)?
6
Let h be -3*-1*2*1. Suppose 0 = 5*p + 4*t - 26, 2*t + 6 + 20 = 4*p. Let b(m) = -p + 3 + m - h. Calculate b(6).
-3
Let o be 22/(88/(-12))*(-2)/6. Let h(j) = -30*j**2 - j + 2. What is h(o)?
-29
Let v(m) = m**2 + 40*m + 377. Let g be v(-14). Let u(h) = -h**2 + 9*h - 13. Give u(g).
-65
Let b(h) be the second derivative of h**5/20 - 7*h**4/6 + 7*h**3/3 - 17*h**2/2 + 70*h. What is b(13)?
-4
Suppose 2*k + 6 - 4 = j, j = 5*k + 14. Let w be (4/j)/((-14)/(-21)). Let n(t) = t + 1. Calculate n(w).
0
Let y(b) = -b. Let o(n) = -3*n - 8. Let p(m) = -o(m) + 2*y(m). Suppose -2*z + l = 9, 0 = -3*z - 0*l - l - 21. What is p(z)?
2
Let i(x) = x**3 - 7*x**2 - 5*x - 10. Let q(k) = -2*k**3 - 19*k**2 - 16*k - 55. Let t be q(-9). Determine i(t).
14
Let y(u) = 493*u - 991*u + 497*u - 6. Let w(a) = -3*a + 6. Let z be w(4). Calculate y(z).
0
Let n(b) = -b**2 - 2*b - 1. Let v(a) = -a**2 - 3*a - 2. Let c(i) = -7*n(i) + 6*v(i). Let w be (-6)/(-4)*50/3. Suppose 5*h - w = -0*h. Give c(h).
0
Let x = 17 - 10. Suppose -2*o + x = 5*q, -3*q + 0*o - o = -5. Let g(u) = 3 - 4*u + u**2 + q*u - 4*u. Give g(2).
-3
Let n(u) be the first derivative of u**7/840 - u**6/45 - u**5/12 - u**4/8 + u**3 - 3*u - 10. Let h(q) be the third derivative of n(q). Determine h(9).
-12
Let b(q) = 2*q**2 - 14*q**2 + 0*q - 2 - 4*q + q**2. Calculate b(-2).
-38
Let t(i) = -10*i + 24. Let d(z) = 7*z - 17. Let u(k) = -7*d(k) - 5*t(k). Suppose b + b - 6 = 0, 3*p - 2*b = -27. Let n be (-1 + p)*12/(-16). What is u(n)?
5
Let y(a) = -a**2 + 5*a - 1. Let m(o) = -o**2 + 6*o - 1. Let t(n) = 2*m(n) - 3*y(n). Suppose -p = v - 3, 2*v + 3*p + 3 = 10. Calculate t(v).
-1
Let v(p) = 1380*p + 6 - 694*p + p**2 - 695*p. Calculate v(12).
42
Let n(o) = -o**2 - 10*o - 7. Suppose 3*r + 8 = 4*p - 5, 2*r = -2*p + 10. Let j be 7*(0/2 - r). What is n(j)?
14
Suppose -2 + 19 = n - 3*z, 3*z + 13 = -n. Let x(u) be the third derivative of 5*u**4/24 + u**2. Calculate x(n).
10
Let l(v) = -v**2 - 37*v - 184. Let c be l(-6). Let f(x) = 2*x**2 + 2. Determine f(c).
10
Let z(p) be the first derivative of 3*p**2/2 - 4*p - 5. Let h = 13 + -10. Determine z(h).
5
Let r(z) = -5*z**3 + z**2 - z + 1. Let s = 7 - 4. Suppose s*d - 6 = 6. Suppose -d*g - 3 = -5*q - 2*g, -g + 4 = 3*q. Calculate r(q).
-4
Let f(a) be the third derivative of 0 + 1/6*a**3 - 1/24*a**4 - 4*a**2 + 0*a. Give f(-6).
7
Let j(n) = -2*n - 2. Let s be 3 - (-2)/((-6)/9). Suppose -5*y + 4*k - 55 = -s*y, 5*y - 2*k = -45. Let u(b) = -6*b - 7. Let w(a) = y*j(a) + 2*u(a). What is w(3)?
6
Let j = 340 - 338. Let k(h) = -3*h**2 + 3*h - 1. What is k(j)?
-7
Suppose 0*k + 3*k = 15. Suppose -5*n + n + 14 = -p, -n + 13 = -k*p. Let q(v) = -3*v**2 - v + 2. Determine q(p).
-8
Let m(q) be the third derivative of q**5/30 - 13*q**4/24 + q**3/6 + 9*q**2 + 5. Give m(6).
-5
Let z(f) = -f**2 + 3*f. Let s(m) = 8*m - 63. Let d(u) = 12*u - 94. Let x(l) = -5*d(l) + 7*s(l). Let o be x(8). Determine z(o).
-18
Let v(w) = 7*w - 28. Let a(g) = 3*g - 13. Let i(l) = 5*a(l) - 2*v(l). Determine i(3).
-6
Let h(l) be the second derivative of l**5/10 - l**4/6 + l**2/2 + 10*l - 11. Give h(-1).
-3
Let a = -7 + 12. Let f(w) = -2*w**3 + 9*w**2 + 7*w - 7. Let d be f(a). Let y(z) = 4*z**2 - 4*z + 4 - 3*z**2 + 4*z. Calculate y(d).
13
Let d(u) = -u - 5. Suppose 0 = t - 25*v + 27*v - 10, 8 = 5*t - 4*v. Give d(t).
-9
Let y(t) be the third derivative of t**7/2520 + t**6/120 + t**5/40 + 17*t**4/24 - 21*t**2. Let d(o) be the second derivative of y(o). Give d(-6).
3
Let z(y) = -y**3 - 12*y**2 - y. Let l = -705 - -693. Give z(l).
12
Let l(v) = -27*v + 27. Let z(f) = 7*f - 6. Let m(n) = 2*l(n) + 9*z(n). Calculate m(-1).
-9
Let l be -6*2/(36/45). Let n(x) = x**2 + 16*x + 15. Calculate n(l).
0
Let z(w) = w + 6. Let x be z(0). Let m(l) = -l**3 + 3*l**2 + 5*l - 2. Let j be m(4). Let n = x - j. Let c(y) = y**3 - 6*y**2 + 7*y - 5. What is c(n)?
-9
Let f(y) be the first derivative of y**2/2 + 6*y - 46. What is f(-11)?
-5
Let i(f) = -210 - 8*f + 425 + f**2 - 210. Calculate i(6).
-7
Let a(x) = 26*x + 19*x - 3 - 6 - 44*x. Give a(-1).
-10
Let j(t) = -4 - 5 + 0*t**2 + 10 + 3*t**2 - 3*t + 2*t**3. Give j(-3).
-17
Let q be (-14)/(56/20) + (-242)/(-48). Let l(s) be the third derivative of -q*s**4 + 0 + 0*s - 7*s**2 + 5/3*s**3 + 1/60*s**5. Determine l(0).
10
Suppose 2*q = -q + 9. Let d(y) = q*y**3 - 1 + 3*y**2 - 5*y**3 - 2 + 3*y + y**3. Let x be (2/(-6))/(5/(-45)). Determine d(x).
6
Let p(c) = -3*c**2 + 4*c + 12. Let r(m) = -3*m + 7. Let w be r(4). Let n(i) = 2*i**2 - 3*i - 8. Let h(f) = w*p(f) - 7*n(f). Suppose -15 = 6*u - u. Give h(u).
2
Let z(o) = -o**3 + 10*o**2 + 13*o - 16. Let i = 1847 - 1836. Give z(i).
6
Let m be 9/(-6)*((-7)/(-7) - 3). Let s(z) = -z**2 - 4. Calculate s(m).
-13
Suppose 2*i - 17 = 5*p + 1, 0 = 5*i - 3*p - 26. Suppose 6*a - 8 = i*a. Let y(n) = 4*n + n**2 - 2 - a*n - 4*n. Determine y(4).
-2
Let h = 10 + -10. Let d(i) = 1 + h*i + 3 + 0 + 2*i. What is d(-6)?
-8
Let y = 58 + -37. Let q(a) = 3*a - 68. Let i be q(y). Let f(k) = 2*k**3 + 2 - 3*k**3 - 2*k**2 - 3*k**2. Give f(i).
2
Let h(g) = -34*g**2 + 30 + 35 - 99 + 34. What is h(1)?
-34
Suppose 7*g + 29 = 9*g + 5*x, -x = 3*g - 11. Let h(z) = 4 + z - 13 + 8 + 6*z**2. Determine h(g).
25
Let x(j) be the third derivative of j**6/120 - j**5/12 + 5*j**4/24 + j**3 - 115*j**2. Determine x(5).
31
Let r(i) be the second derivative of -i**6/120 + i**5/60 + i**4/24 - 2*i**3/3 + 7*i**2 - 14*i. Let q(x) be the first derivative of r(x). Give q(0).
-4
Let p(z) be the first derivative of 3*z**2/2 - 2*z - 11. Suppose -2*s - t - 2*t + 12 = 0, -4*s + 18 = 3*t. What is p(s)?
7
Let w(v) = -10*v - 10*v**2 - v**3 - 11*v + 21*v - 9*v. Determine w(-9)